{"id":640,"date":"2025-08-28T10:12:18","date_gmt":"2025-08-28T13:12:18","guid":{"rendered":"https:\/\/sp.disewhost3.com\/sanitaria\/?post_type=product&#038;p=640"},"modified":"2025-11-21T11:33:20","modified_gmt":"2025-11-21T14:33:20","slug":"supapleat-hfc","status":"publish","type":"product","link":"https:\/\/sp.com.ar\/sanitaria\/producto\/supapleat-hfc\/","title":{"rendered":"15 \u2013 SupaPleat\u202fHFC"},"content":{"rendered":"<p data-start=\"1464\" data-end=\"1596\">La gama <strong data-start=\"1472\" data-end=\"1489\">SupaPleat HFC<\/strong> se ofrece con <strong data-start=\"1504\" data-end=\"1541\">dos medios filtrantes principales<\/strong>, adaptados a diferentes tipos de procesos y fluidos:<\/p>\n<ol data-start=\"1598\" data-end=\"2524\">\n<li data-start=\"1598\" data-end=\"2146\">\n<p data-start=\"1601\" data-end=\"2146\"><strong data-start=\"1601\" data-end=\"1631\">PP (polipropileno soplado)<\/strong>: es el medio est\u00e1ndar, qu\u00edmicamente inerte, con excelente resistencia a una amplia variedad de soluciones acuosas y disolventes org\u00e1nicos. Dentro de esta categor\u00eda, existe la <strong data-start=\"1807\" data-end=\"1824\">versi\u00f3n \u201cCRY\u201d<\/strong>, dise\u00f1ada espec\u00edficamente para la <strong data-start=\"1859\" data-end=\"1893\">eliminaci\u00f3n de Cryptosporidium<\/strong>, un par\u00e1sito resistente al cloro que puede afectar la calidad del agua en aplicaciones de alimentos y bebidas. Esta variante se utiliza en plantas embotelladoras, cervecer\u00edas, bodegas y l\u00edneas de proceso donde la pureza microbiol\u00f3gica es fundamental.<\/p>\n<\/li>\n<li data-start=\"2148\" data-end=\"2524\">\n<p data-start=\"2151\" data-end=\"2524\"><strong data-start=\"2151\" data-end=\"2180\">GP (microfibra de vidrio)<\/strong>: este medio ofrece <strong data-start=\"2200\" data-end=\"2268\">mayor capacidad de carga de part\u00edculas y una eficiencia superior<\/strong> para retener contaminantes finos. Su estructura tridimensional facilita la filtraci\u00f3n en profundidad, haciendo del <strong data-start=\"2384\" data-end=\"2424\">SupaPleat HFC \u2013 microfibra de vidrio<\/strong> una opci\u00f3n ideal para sistemas con alta concentraci\u00f3n de s\u00f3lidos o fluidos de dif\u00edcil filtraci\u00f3n.<\/p>\n<\/li>\n<\/ol>\n<p data-start=\"2526\" data-end=\"2921\">La <strong data-start=\"2529\" data-end=\"2563\">construcci\u00f3n del SupaPleat HFC<\/strong> est\u00e1 basada en la <strong data-start=\"2582\" data-end=\"2631\">soldadura t\u00e9rmica de sus componentes internos<\/strong>, eliminando completamente el uso de adhesivos o resinas. Este detalle garantiza la <strong data-start=\"2715\" data-end=\"2743\">ausencia de extractables<\/strong>, un aspecto cr\u00edtico en industrias como la <strong data-start=\"2786\" data-end=\"2851\">farmac\u00e9utica, de alimentos y de tratamiento de agua ultrapura<\/strong>, donde se requiere m\u00e1xima integridad y compatibilidad del material.<\/p>\n<p data-start=\"2923\" data-end=\"3281\">Adem\u00e1s, para procesos con <strong data-start=\"2949\" data-end=\"3008\">temperaturas elevadas o entornos qu\u00edmicos m\u00e1s agresivos<\/strong>, el <strong data-start=\"3013\" data-end=\"3030\">SupaPleat HFC<\/strong> dispone de <strong data-start=\"3042\" data-end=\"3094\">versiones con jaula y n\u00facleo de acero inoxidable<\/strong>, complementadas con <strong data-start=\"3115\" data-end=\"3162\">tapas de nailon de alta resistencia t\u00e9rmica<\/strong>. Esta configuraci\u00f3n asegura la estabilidad dimensional del cartucho y prolonga su vida \u00fatil en condiciones extremas.<\/p>\n<h3 data-start=\"3283\" data-end=\"3343\"><strong data-start=\"3287\" data-end=\"3343\">Eficiencia, opciones y resistencia del SupaPleat HFC<\/strong><\/h3>\n<p data-start=\"3345\" data-end=\"3739\">El <strong data-start=\"3348\" data-end=\"3409\">SupaPleat HFC \u2013 cartucho de alto caudal y filtraci\u00f3n fina<\/strong> es un filtro <strong data-start=\"3423\" data-end=\"3452\">de clasificaci\u00f3n absoluta<\/strong>, con una <strong data-start=\"3462\" data-end=\"3486\">eficiencia Beta 5000<\/strong>, lo que equivale a una <strong data-start=\"3510\" data-end=\"3535\">retenci\u00f3n del 99,98 %<\/strong> de las part\u00edculas en los micronajes especificados. Se ofrece en <strong data-start=\"3600\" data-end=\"3639\">micronajes absolutos de 0,5 a 90 \u00b5m<\/strong>, abarcando desde aplicaciones de clarificaci\u00f3n fina hasta procesos de protecci\u00f3n y prefiltraci\u00f3n.<\/p>\n<p data-start=\"3741\" data-end=\"4146\">Las <strong data-start=\"3745\" data-end=\"3771\">longitudes de cartucho<\/strong> disponibles son <strong data-start=\"3788\" data-end=\"3804\">20\u2033 (522 mm)<\/strong>, <strong data-start=\"3806\" data-end=\"3823\">40\u2033 (1038 mm)<\/strong> y <strong data-start=\"3826\" data-end=\"3843\">60\u2033 (1541 mm)<\/strong>, lo que permite adaptar el filtro a distintos caudales y configuraciones de carcasa. Las versiones de <strong data-start=\"3946\" data-end=\"3969\">vida extendida (XP)<\/strong> est\u00e1n dise\u00f1adas para aplicaciones donde el fluido contiene una alta carga de contaminantes, reduciendo la frecuencia de sustituci\u00f3n y optimizando los costos de mantenimiento.<\/p>\n<p data-start=\"4148\" data-end=\"4579\">El <strong data-start=\"4151\" data-end=\"4168\">SupaPleat HFC<\/strong> tambi\u00e9n cuenta con <strong data-start=\"4188\" data-end=\"4212\">opciones adicionales<\/strong>, como <strong data-start=\"4219\" data-end=\"4271\">n\u00facleos reforzados resistentes a contrapresiones<\/strong>, <strong data-start=\"4273\" data-end=\"4301\">jaulas externas robustas<\/strong> y <strong data-start=\"4304\" data-end=\"4329\">envases antiest\u00e1ticos<\/strong> para manipulaci\u00f3n segura. Su construcci\u00f3n le permite resistir <strong data-start=\"4392\" data-end=\"4453\">procesos de esterilizaci\u00f3n mediante vapor o agua caliente<\/strong>, soportando temperaturas de hasta <strong data-start=\"4488\" data-end=\"4513\">121 \u00b0C durante 15 min<\/strong> o <strong data-start=\"4516\" data-end=\"4540\">90 \u00b0C durante 30 min<\/strong> sin afectar la integridad del medio.<\/p>\n<h3 data-start=\"4581\" data-end=\"4619\"><strong data-start=\"4585\" data-end=\"4619\">Aplicaciones del SupaPleat HFC<\/strong><\/h3>\n<p data-start=\"4621\" data-end=\"4800\">El <strong data-start=\"4624\" data-end=\"4685\">SupaPleat HFC \u2013 cartucho de alto caudal y filtraci\u00f3n fina<\/strong> se utiliza ampliamente en industrias que demandan <strong data-start=\"4736\" data-end=\"4785\">altos vol\u00famenes de filtraci\u00f3n con alta pureza<\/strong>, tales como:<\/p>\n<ul data-start=\"4802\" data-end=\"5379\">\n<li data-start=\"4802\" data-end=\"4965\">\n<p data-start=\"4804\" data-end=\"4965\"><strong data-start=\"4804\" data-end=\"4828\">Alimentos y bebidas:<\/strong> clarificaci\u00f3n de <strong data-start=\"4846\" data-end=\"4889\">agua embotellada, cerveza, vino y jugos<\/strong>, filtraci\u00f3n de <strong data-start=\"4905\" data-end=\"4925\">l\u00edneas de pulido<\/strong> y <strong data-start=\"4928\" data-end=\"4962\">eliminaci\u00f3n de Cryptosporidium<\/strong>.<\/p>\n<\/li>\n<li data-start=\"4966\" data-end=\"5171\">\n<p data-start=\"4968\" data-end=\"5171\"><strong data-start=\"4968\" data-end=\"4985\">Farmac\u00e9utica:<\/strong> filtraci\u00f3n de <strong data-start=\"5000\" data-end=\"5028\">descargas de disolventes<\/strong>, <strong data-start=\"5030\" data-end=\"5049\">agua de proceso<\/strong>, <strong data-start=\"5051\" data-end=\"5075\">l\u00edquidos intermedios<\/strong> y <strong data-start=\"5078\" data-end=\"5106\">transferencias por lotes<\/strong> donde se requiere control de part\u00edculas y estabilidad qu\u00edmica.<\/p>\n<\/li>\n<li data-start=\"5172\" data-end=\"5379\">\n<p data-start=\"5174\" data-end=\"5379\"><strong data-start=\"5174\" data-end=\"5198\">Tratamiento de agua:<\/strong> <strong data-start=\"5199\" data-end=\"5247\">prefiltraci\u00f3n en sistemas de \u00f3smosis inversa<\/strong>, <strong data-start=\"5249\" data-end=\"5277\">protecci\u00f3n de equipos UV<\/strong>, <strong data-start=\"5279\" data-end=\"5318\">trampas de resina o carb\u00f3n activado<\/strong>, y procesos de <strong data-start=\"5334\" data-end=\"5352\">agua ultrapura<\/strong> en plantas industriales.<\/p>\n<\/li>\n<\/ul>\n","protected":false},"excerpt":{"rendered":"<p data-start=\"469\" data-end=\"876\">El <strong data-start=\"472\" data-end=\"489\">SupaPleat HFC<\/strong> ha sido dise\u00f1ado especialmente para <strong data-start=\"526\" data-end=\"639\">procesos industriales donde se combinan altos caudales, baja ca\u00edda de presi\u00f3n y exigencias de filtraci\u00f3n fina<\/strong>. Este modelo de cartucho pertenece a la l\u00ednea avanzada de filtraci\u00f3n <strong data-start=\"709\" data-end=\"722\">SupaPleat<\/strong>, desarrollada por Amazon Filters, y representa una de las soluciones m\u00e1s eficientes del mercado en cuanto a <strong data-start=\"831\" data-end=\"873\">rendimiento, vida \u00fatil y confiabilidad<\/strong>.<\/p>\n<p data-start=\"878\" data-end=\"1462\">El <strong data-start=\"881\" data-end=\"942\">SupaPleat HFC \u2013 cartucho de alto caudal y filtraci\u00f3n fina<\/strong> utiliza un <strong data-start=\"954\" data-end=\"986\">dise\u00f1o de pliegues profundos<\/strong>, lo que permite <strong data-start=\"1003\" data-end=\"1047\">maximizar el \u00e1rea de superficie efectiva<\/strong> del medio filtrante. Gracias a esta geometr\u00eda, el filtro logra una <strong data-start=\"1115\" data-end=\"1160\">alta capacidad de retenci\u00f3n de part\u00edculas<\/strong>, manteniendo una ca\u00edda de presi\u00f3n m\u00ednima incluso en condiciones de operaci\u00f3n exigentes. Este dise\u00f1o garantiza que el paquete de pliegues conserve su rigidez estructural, evitando colapsos o deformaciones a altas velocidades de flujo y asegurando una <strong data-start=\"1411\" data-end=\"1459\">eficiencia estable durante toda su vida \u00fatil<\/strong>.<\/p>\n","protected":false},"featured_media":1039,"template":"","meta":{"_acf_changed":false,"_joinchat":[]},"product_brand":[],"product_cat":[24],"product_tag":[],"class_list":{"0":"post-640","1":"product","2":"type-product","3":"status-publish","4":"has-post-thumbnail","6":"product_cat-cartuchos-y-capsulas-filtrantes","8":"first","9":"instock","10":"shipping-taxable","11":"product-type-simple"},"acf":[],"yoast_head":"<!-- This site is optimized with the Yoast SEO plugin v25.6 - https:\/\/yoast.com\/wordpress\/plugins\/seo\/ -->\n<title>15 \u2013 SupaPleat\u202fHFC | SP Separation Processes<\/title>\n<meta name=\"robots\" content=\"index, follow, max-snippet:-1, max-image-preview:large, max-video-preview:-1\" \/>\n<link rel=\"canonical\" href=\"https:\/\/sp.com.ar\/sanitaria\/producto\/supapleat-hfc\/\" \/>\n<meta property=\"og:locale\" content=\"es_ES\" \/>\n<meta property=\"og:type\" content=\"article\" \/>\n<meta property=\"og:title\" content=\"15 \u2013 SupaPleat\u202fHFC | SP Separation Processes\" \/>\n<meta property=\"og:description\" content=\"El SupaPleat HFC ha sido dise\u00f1ado especialmente para procesos industriales donde se combinan altos caudales, baja ca\u00edda de presi\u00f3n y exigencias de filtraci\u00f3n fina. Este modelo de cartucho pertenece a la l\u00ednea avanzada de filtraci\u00f3n SupaPleat, desarrollada por Amazon Filters, y representa una de las soluciones m\u00e1s eficientes del mercado en cuanto a rendimiento, vida \u00fatil y confiabilidad. El SupaPleat HFC \u2013 cartucho de alto caudal y filtraci\u00f3n fina utiliza un dise\u00f1o de pliegues profundos, lo que permite maximizar el \u00e1rea de superficie efectiva del medio filtrante. Gracias a esta geometr\u00eda, el filtro logra una alta capacidad de retenci\u00f3n de part\u00edculas, manteniendo una ca\u00edda de presi\u00f3n m\u00ednima incluso en condiciones de operaci\u00f3n exigentes. Este dise\u00f1o garantiza que el paquete de pliegues conserve su rigidez estructural, evitando colapsos o deformaciones a altas velocidades de flujo y asegurando una eficiencia estable durante toda su vida \u00fatil.\" \/>\n<meta property=\"og:url\" content=\"https:\/\/sp.com.ar\/sanitaria\/producto\/supapleat-hfc\/\" \/>\n<meta property=\"og:site_name\" content=\"SP Separation Processes\" \/>\n<meta property=\"article:modified_time\" content=\"2025-11-21T14:33:20+00:00\" \/>\n<meta property=\"og:image\" content=\"https:\/\/sp.com.ar\/sanitaria\/wp-content\/uploads\/2025\/08\/15-SUPAPLEAT-HFC-2.png\" \/>\n\t<meta property=\"og:image:width\" content=\"1200\" \/>\n\t<meta property=\"og:image:height\" content=\"1200\" \/>\n\t<meta property=\"og:image:type\" content=\"image\/png\" \/>\n<meta name=\"twitter:card\" content=\"summary_large_image\" \/>\n<meta name=\"twitter:label1\" content=\"Tiempo de lectura\" \/>\n\t<meta name=\"twitter:data1\" content=\"3 minutos\" \/>\n<script type=\"application\/ld+json\" class=\"yoast-schema-graph\">{\"@context\":\"https:\/\/schema.org\",\"@graph\":[{\"@type\":\"WebPage\",\"@id\":\"https:\/\/sp.com.ar\/sanitaria\/producto\/supapleat-hfc\/\",\"url\":\"https:\/\/sp.com.ar\/sanitaria\/producto\/supapleat-hfc\/\",\"name\":\"15 \u2013 SupaPleat\u202fHFC | SP Separation Processes\",\"isPartOf\":{\"@id\":\"https:\/\/sp.com.ar\/sanitaria\/#website\"},\"primaryImageOfPage\":{\"@id\":\"https:\/\/sp.com.ar\/sanitaria\/producto\/supapleat-hfc\/#primaryimage\"},\"image\":{\"@id\":\"https:\/\/sp.com.ar\/sanitaria\/producto\/supapleat-hfc\/#primaryimage\"},\"thumbnailUrl\":\"https:\/\/sp.com.ar\/sanitaria\/wp-content\/uploads\/2025\/08\/15-SUPAPLEAT-HFC-2.png\",\"datePublished\":\"2025-08-28T13:12:18+00:00\",\"dateModified\":\"2025-11-21T14:33:20+00:00\",\"breadcrumb\":{\"@id\":\"https:\/\/sp.com.ar\/sanitaria\/producto\/supapleat-hfc\/#breadcrumb\"},\"inLanguage\":\"es\",\"potentialAction\":[{\"@type\":\"ReadAction\",\"target\":[\"https:\/\/sp.com.ar\/sanitaria\/producto\/supapleat-hfc\/\"]}]},{\"@type\":\"ImageObject\",\"inLanguage\":\"es\",\"@id\":\"https:\/\/sp.com.ar\/sanitaria\/producto\/supapleat-hfc\/#primaryimage\",\"url\":\"https:\/\/sp.com.ar\/sanitaria\/wp-content\/uploads\/2025\/08\/15-SUPAPLEAT-HFC-2.png\",\"contentUrl\":\"https:\/\/sp.com.ar\/sanitaria\/wp-content\/uploads\/2025\/08\/15-SUPAPLEAT-HFC-2.png\",\"width\":1200,\"height\":1200,\"caption\":\"Supapleat hfc\"},{\"@type\":\"BreadcrumbList\",\"@id\":\"https:\/\/sp.com.ar\/sanitaria\/producto\/supapleat-hfc\/#breadcrumb\",\"itemListElement\":[{\"@type\":\"ListItem\",\"position\":1,\"name\":\"Portada\",\"item\":\"https:\/\/sp.com.ar\/sanitaria\/\"},{\"@type\":\"ListItem\",\"position\":2,\"name\":\"Productos\",\"item\":\"https:\/\/sp.com.ar\/sanitaria\/productos\/\"},{\"@type\":\"ListItem\",\"position\":3,\"name\":\"15 \u2013 SupaPleat\u202fHFC\"}]},{\"@type\":\"WebSite\",\"@id\":\"https:\/\/sp.com.ar\/sanitaria\/#website\",\"url\":\"https:\/\/sp.com.ar\/sanitaria\/\",\"name\":\"SP Separation Processes\",\"description\":\"\",\"potentialAction\":[{\"@type\":\"SearchAction\",\"target\":{\"@type\":\"EntryPoint\",\"urlTemplate\":\"https:\/\/sp.com.ar\/sanitaria\/?s={search_term_string}\"},\"query-input\":{\"@type\":\"PropertyValueSpecification\",\"valueRequired\":true,\"valueName\":\"search_term_string\"}}],\"inLanguage\":\"es\"}]}<\/script>\n<!-- \/ Yoast SEO plugin. -->","yoast_head_json":{"title":"15 \u2013 SupaPleat\u202fHFC | SP Separation Processes","robots":{"index":"index","follow":"follow","max-snippet":"max-snippet:-1","max-image-preview":"max-image-preview:large","max-video-preview":"max-video-preview:-1"},"canonical":"https:\/\/sp.com.ar\/sanitaria\/producto\/supapleat-hfc\/","og_locale":"es_ES","og_type":"article","og_title":"15 \u2013 SupaPleat\u202fHFC | SP Separation Processes","og_description":"El SupaPleat HFC ha sido dise\u00f1ado especialmente para procesos industriales donde se combinan altos caudales, baja ca\u00edda de presi\u00f3n y exigencias de filtraci\u00f3n fina. Este modelo de cartucho pertenece a la l\u00ednea avanzada de filtraci\u00f3n SupaPleat, desarrollada por Amazon Filters, y representa una de las soluciones m\u00e1s eficientes del mercado en cuanto a rendimiento, vida \u00fatil y confiabilidad. El SupaPleat HFC \u2013 cartucho de alto caudal y filtraci\u00f3n fina utiliza un dise\u00f1o de pliegues profundos, lo que permite maximizar el \u00e1rea de superficie efectiva del medio filtrante. Gracias a esta geometr\u00eda, el filtro logra una alta capacidad de retenci\u00f3n de part\u00edculas, manteniendo una ca\u00edda de presi\u00f3n m\u00ednima incluso en condiciones de operaci\u00f3n exigentes. Este dise\u00f1o garantiza que el paquete de pliegues conserve su rigidez estructural, evitando colapsos o deformaciones a altas velocidades de flujo y asegurando una eficiencia estable durante toda su vida \u00fatil.","og_url":"https:\/\/sp.com.ar\/sanitaria\/producto\/supapleat-hfc\/","og_site_name":"SP Separation Processes","article_modified_time":"2025-11-21T14:33:20+00:00","og_image":[{"width":1200,"height":1200,"url":"https:\/\/sp.com.ar\/sanitaria\/wp-content\/uploads\/2025\/08\/15-SUPAPLEAT-HFC-2.png","type":"image\/png"}],"twitter_card":"summary_large_image","twitter_misc":{"Tiempo de lectura":"3 minutos"},"schema":{"@context":"https:\/\/schema.org","@graph":[{"@type":"WebPage","@id":"https:\/\/sp.com.ar\/sanitaria\/producto\/supapleat-hfc\/","url":"https:\/\/sp.com.ar\/sanitaria\/producto\/supapleat-hfc\/","name":"15 \u2013 SupaPleat\u202fHFC | SP Separation Processes","isPartOf":{"@id":"https:\/\/sp.com.ar\/sanitaria\/#website"},"primaryImageOfPage":{"@id":"https:\/\/sp.com.ar\/sanitaria\/producto\/supapleat-hfc\/#primaryimage"},"image":{"@id":"https:\/\/sp.com.ar\/sanitaria\/producto\/supapleat-hfc\/#primaryimage"},"thumbnailUrl":"https:\/\/sp.com.ar\/sanitaria\/wp-content\/uploads\/2025\/08\/15-SUPAPLEAT-HFC-2.png","datePublished":"2025-08-28T13:12:18+00:00","dateModified":"2025-11-21T14:33:20+00:00","breadcrumb":{"@id":"https:\/\/sp.com.ar\/sanitaria\/producto\/supapleat-hfc\/#breadcrumb"},"inLanguage":"es","potentialAction":[{"@type":"ReadAction","target":["https:\/\/sp.com.ar\/sanitaria\/producto\/supapleat-hfc\/"]}]},{"@type":"ImageObject","inLanguage":"es","@id":"https:\/\/sp.com.ar\/sanitaria\/producto\/supapleat-hfc\/#primaryimage","url":"https:\/\/sp.com.ar\/sanitaria\/wp-content\/uploads\/2025\/08\/15-SUPAPLEAT-HFC-2.png","contentUrl":"https:\/\/sp.com.ar\/sanitaria\/wp-content\/uploads\/2025\/08\/15-SUPAPLEAT-HFC-2.png","width":1200,"height":1200,"caption":"Supapleat hfc"},{"@type":"BreadcrumbList","@id":"https:\/\/sp.com.ar\/sanitaria\/producto\/supapleat-hfc\/#breadcrumb","itemListElement":[{"@type":"ListItem","position":1,"name":"Portada","item":"https:\/\/sp.com.ar\/sanitaria\/"},{"@type":"ListItem","position":2,"name":"Productos","item":"https:\/\/sp.com.ar\/sanitaria\/productos\/"},{"@type":"ListItem","position":3,"name":"15 \u2013 SupaPleat\u202fHFC"}]},{"@type":"WebSite","@id":"https:\/\/sp.com.ar\/sanitaria\/#website","url":"https:\/\/sp.com.ar\/sanitaria\/","name":"SP Separation Processes","description":"","potentialAction":[{"@type":"SearchAction","target":{"@type":"EntryPoint","urlTemplate":"https:\/\/sp.com.ar\/sanitaria\/?s={search_term_string}"},"query-input":{"@type":"PropertyValueSpecification","valueRequired":true,"valueName":"search_term_string"}}],"inLanguage":"es"}]}},"_links":{"self":[{"href":"https:\/\/sp.com.ar\/sanitaria\/wp-json\/wp\/v2\/product\/640","targetHints":{"allow":["GET"]}}],"collection":[{"href":"https:\/\/sp.com.ar\/sanitaria\/wp-json\/wp\/v2\/product"}],"about":[{"href":"https:\/\/sp.com.ar\/sanitaria\/wp-json\/wp\/v2\/types\/product"}],"wp:featuredmedia":[{"embeddable":true,"href":"https:\/\/sp.com.ar\/sanitaria\/wp-json\/wp\/v2\/media\/1039"}],"wp:attachment":[{"href":"https:\/\/sp.com.ar\/sanitaria\/wp-json\/wp\/v2\/media?parent=640"}],"wp:term":[{"taxonomy":"product_brand","embeddable":true,"href":"https:\/\/sp.com.ar\/sanitaria\/wp-json\/wp\/v2\/product_brand?post=640"},{"taxonomy":"product_cat","embeddable":true,"href":"https:\/\/sp.com.ar\/sanitaria\/wp-json\/wp\/v2\/product_cat?post=640"},{"taxonomy":"product_tag","embeddable":true,"href":"https:\/\/sp.com.ar\/sanitaria\/wp-json\/wp\/v2\/product_tag?post=640"}],"curies":[{"name":"wp","href":"https:\/\/api.w.org\/{rel}","templated":true}]}}