{"id":765,"date":"2025-09-10T10:01:58","date_gmt":"2025-09-10T13:01:58","guid":{"rendered":"https:\/\/sp.disewhost3.com\/sanitaria\/?post_type=product&#038;p=765"},"modified":"2025-11-21T11:58:26","modified_gmt":"2025-11-21T14:58:26","slug":"miradeep-borsa-filtro-de-bolsas-sinteticas","status":"publish","type":"product","link":"https:\/\/sp.com.ar\/sanitaria\/producto\/miradeep-borsa-filtro-de-bolsas-sinteticas\/","title":{"rendered":"MiraDeep Borsa &#8211; filtro de bolsas sint\u00e9ticas"},"content":{"rendered":"<p data-start=\"1494\" data-end=\"1943\">El\u00a0<strong data-start=\"1497\" data-end=\"1545\">MiraDeep Borsa \u2013 filtro de bolsas sint\u00e9ticas<\/strong>\u00a0est\u00e1 dise\u00f1ado con una\u00a0<strong data-start=\"1568\" data-end=\"1615\">configuraci\u00f3n aerodin\u00e1mica en sus bolsillos<\/strong>, que permite una distribuci\u00f3n uniforme del flujo de aire y evita el inflado excesivo o la deformaci\u00f3n durante la operaci\u00f3n. Esta geometr\u00eda de los bolsillos reduce la resistencia inicial al paso del aire y\u00a0<strong data-start=\"1821\" data-end=\"1855\">minimiza el consumo energ\u00e9tico<\/strong>\u00a0del sistema HVAC, manteniendo al mismo tiempo una excelente eficiencia de filtraci\u00f3n.<\/p>\n<p data-start=\"1945\" data-end=\"2411\">Disponible en una amplia gama de\u00a0<strong data-start=\"1978\" data-end=\"2002\">dimensiones est\u00e1ndar<\/strong>, el\u00a0<strong data-start=\"2007\" data-end=\"2055\">MiraDeep Borsa \u2013 filtro de bolsas sint\u00e9ticas<\/strong>\u00a0se ofrece en tama\u00f1os desde\u00a0<strong data-start=\"2083\" data-end=\"2104\">24\u00d724\u00d736 pulgadas<\/strong>\u00a0hasta\u00a0<strong data-start=\"2111\" data-end=\"2132\">12\u00d724\u00d715 pulgadas<\/strong>, y puede configurarse con\u00a0<strong data-start=\"2159\" data-end=\"2185\">entre 3 y 10 bolsillos<\/strong>, seg\u00fan las necesidades del sistema. Esta flexibilidad dimensional permite adaptar el filtro a diferentes equipos de ventilaci\u00f3n o unidades de tratamiento de aire, manteniendo la compatibilidad con los bastidores existentes.<\/p>\n<p data-start=\"2413\" data-end=\"2790\">El\u00a0<strong data-start=\"2416\" data-end=\"2464\">MiraDeep Borsa \u2013 filtro de bolsas sint\u00e9ticas<\/strong>\u00a0se fabrica con un\u00a0<strong data-start=\"2483\" data-end=\"2515\">cabezal de acero galvanizado<\/strong>, que le otorga resistencia estructural y asegura una fijaci\u00f3n firme de los bolsillos. Este marco met\u00e1lico soporta las vibraciones, las variaciones de presi\u00f3n y las temperaturas elevadas sin deformarse, garantizando una operaci\u00f3n estable en entornos industriales exigentes.<\/p>\n<p data-start=\"2792\" data-end=\"2938\">En cuanto a su\u00a0<strong data-start=\"2807\" data-end=\"2836\">rendimiento de filtraci\u00f3n<\/strong>, el\u00a0<strong data-start=\"2841\" data-end=\"2889\">MiraDeep Borsa \u2013 filtro de bolsas sint\u00e9ticas<\/strong>\u00a0se ofrece en\u00a0<strong data-start=\"2903\" data-end=\"2935\">cuatro niveles de eficiencia<\/strong>:<\/p>\n<ul data-start=\"2939\" data-end=\"3056\">\n<li data-start=\"2939\" data-end=\"2968\">\n<p data-start=\"2941\" data-end=\"2968\"><strong data-start=\"2941\" data-end=\"2966\">M6 (60\u201365 %, MERV 11)<\/strong><\/p>\n<\/li>\n<li data-start=\"2969\" data-end=\"2998\">\n<p data-start=\"2971\" data-end=\"2998\"><strong data-start=\"2971\" data-end=\"2996\">F7 (80\u201385 %, MERV 13)<\/strong><\/p>\n<\/li>\n<li data-start=\"2999\" data-end=\"3028\">\n<p data-start=\"3001\" data-end=\"3028\"><strong data-start=\"3001\" data-end=\"3026\">F8 (90\u201395 %, MERV 14)<\/strong><\/p>\n<\/li>\n<li data-start=\"3029\" data-end=\"3056\">\n<p data-start=\"3031\" data-end=\"3056\"><strong data-start=\"3031\" data-end=\"3054\">F9 (&gt;95 %, MERV 15)<\/strong><\/p>\n<\/li>\n<\/ul>\n<p data-start=\"3058\" data-end=\"3423\">Estas clases de eficiencia cubren un amplio espectro de aplicaciones, desde la filtraci\u00f3n de aire general hasta procesos industriales m\u00e1s cr\u00edticos. Las\u00a0<strong data-start=\"3210\" data-end=\"3236\">resistencias iniciales<\/strong>\u00a0oscilan entre\u00a0<strong data-start=\"3251\" data-end=\"3266\">55 y 135 Pa<\/strong>, mientras que la\u00a0<strong data-start=\"3284\" data-end=\"3326\">presi\u00f3n final recomendada es de 450 Pa<\/strong>, lo que asegura un equilibrio ideal entre eficiencia, consumo energ\u00e9tico y duraci\u00f3n operativa.<\/p>\n<p data-start=\"3425\" data-end=\"3842\">El\u00a0<strong data-start=\"3428\" data-end=\"3476\">MiraDeep Borsa \u2013 filtro de bolsas sint\u00e9ticas<\/strong>\u00a0est\u00e1 dise\u00f1ado para\u00a0<strong data-start=\"3496\" data-end=\"3563\">operar de forma continua hasta 70 \u00b0C y 95 % de humedad relativa<\/strong>, sin p\u00e9rdida de integridad ni deformaciones. Su resistencia t\u00e9rmica y mec\u00e1nica lo convierte en una soluci\u00f3n confiable para\u00a0<strong data-start=\"3687\" data-end=\"3720\">instalaciones de alta demanda<\/strong>, como\u00a0<strong data-start=\"3727\" data-end=\"3839\">refiner\u00edas, plantas petroqu\u00edmicas, operaciones mineras, laboratorios industriales y edificios de gran escala<\/strong>.<\/p>\n<h3 data-start=\"3844\" data-end=\"3902\"><strong data-start=\"3848\" data-end=\"3902\">Medio filtrante, eficiencia y aplicaciones t\u00edpicas<\/strong><\/h3>\n<p data-start=\"3904\" data-end=\"4422\">El\u00a0<strong data-start=\"3907\" data-end=\"3975\">medio filtrante del MiraDeep Borsa \u2013 filtro de bolsas sint\u00e9ticas<\/strong>\u00a0est\u00e1 compuesto por\u00a0<strong data-start=\"3995\" data-end=\"4041\">capas de fibras sint\u00e9ticas termofusionadas<\/strong>, con gradiente de densidad creciente hacia el interior. Este dise\u00f1o progresivo ofrece una alta capacidad de carga de polvo y permite capturar part\u00edculas s\u00f3lidas y aerosoles finos con gran eficiencia. Adem\u00e1s, su naturaleza no quebradiza ni irritante facilita la manipulaci\u00f3n y el mantenimiento, reduciendo el riesgo de roturas o desprendimientos de fibras durante la instalaci\u00f3n.<\/p>\n<p data-start=\"4424\" data-end=\"4913\">Las\u00a0<strong data-start=\"4428\" data-end=\"4504\">eficiencias disponibles del MiraDeep Borsa \u2013 filtro de bolsas sint\u00e9ticas<\/strong>, que abarcan de\u00a0<strong data-start=\"4521\" data-end=\"4532\">M6 a F9<\/strong>, equivalentes a\u00a0<strong data-start=\"4549\" data-end=\"4570\">MERV 11 a MERV 15<\/strong>, garantizan una excelente calidad del aire y lo hacen ideal como\u00a0<strong data-start=\"4636\" data-end=\"4670\">etapa intermedia de filtraci\u00f3n<\/strong>. En sistemas HVAC industriales, este filtro protege las etapas posteriores \u2014como filtros HEPA o filtros qu\u00edmicos de adsorci\u00f3n\u2014, reduciendo la carga de part\u00edculas que alcanzan dichos componentes y, por lo tanto,\u00a0<strong data-start=\"4882\" data-end=\"4910\">prolongando su vida \u00fatil<\/strong>.<\/p>\n<p data-start=\"4915\" data-end=\"5375\">El\u00a0<strong data-start=\"4918\" data-end=\"4966\">MiraDeep Borsa \u2013 filtro de bolsas sint\u00e9ticas<\/strong>\u00a0se emplea ampliamente en\u00a0<strong data-start=\"4992\" data-end=\"5165\">miner\u00eda, refiner\u00edas de petr\u00f3leo, plantas petroqu\u00edmicas, industrias del gas, sistemas de ventilaci\u00f3n industrial y edificios con alta exigencia de calidad de aire interior<\/strong>. En todas estas aplicaciones, cumple un papel fundamental al\u00a0<strong data-start=\"5227\" data-end=\"5302\">controlar part\u00edculas finas, polvos ambientales y aerosoles industriales<\/strong>, garantizando la protecci\u00f3n tanto de los equipos como de las personas.<\/p>\n<p data-start=\"4915\" data-end=\"5375\"><span style=\"color: #fafafa;\"><span class=\"selectable-text copyable-text xkrh14z\">Filtros HVAC sanitarios. <\/span><span class=\"selectable-text copyable-text xkrh14z\">Filtro HEPA HVAC. <\/span><span class=\"selectable-text copyable-text xkrh14z\">Filtros EPA. <\/span><span class=\"selectable-text copyable-text xkrh14z\">Filtro aire sala limpia. <\/span><span class=\"selectable-text copyable-text xkrh14z\">Filtros ULPA. <\/span><span class=\"selectable-text copyable-text xkrh14z\">Filtros para salas limpias. <\/span><span class=\"selectable-text copyable-text xkrh14z\">Filtros de aire para laboratorios. <\/span><span class=\"selectable-text copyable-text xkrh14z\">Filtro panel de aire para industria farmac\u00e9utica. <\/span><span class=\"selectable-text copyable-text xkrh14z\">Filtro panel de aire para industria alimenticia. <\/span><span class=\"selectable-text copyable-text xkrh14z\">Filtros de aire para hospitales. <\/span><span class=\"selectable-text copyable-text xkrh14z\">Filtros absolutos HEPA. <\/span><span class=\"selectable-text copyable-text xkrh14z\">Filtros HVAC laboratorios. <\/span><span class=\"selectable-text copyable-text xkrh14z\">Filtros HVAC hospitales. <\/span><span class=\"selectable-text copyable-text xkrh14z\">Filtros HVAC quirofanos<\/span><\/span><\/p>\n","protected":false},"excerpt":{"rendered":"<p data-start=\"328\" data-end=\"839\">El\u00a0<strong data-start=\"331\" data-end=\"379\">MiraDeep Borsa \u2013 filtro de bolsas sint\u00e9ticas<\/strong>\u00a0es un elemento de filtraci\u00f3n de aire de\u00a0<strong data-start=\"420\" data-end=\"448\">rendimiento medio a alto<\/strong>, dise\u00f1ado para ofrecer una excelente combinaci\u00f3n entre\u00a0<strong data-start=\"504\" data-end=\"572\">capacidad de carga de polvo, durabilidad y baja ca\u00edda de presi\u00f3n<\/strong>. Su estructura de bolsillos flexibles y su medio filtrante sint\u00e9tico de alta calidad lo convierten en una opci\u00f3n confiable para aplicaciones industriales y comerciales donde se requiere una etapa intermedia eficiente antes de los filtros HEPA o de alta eficiencia.<\/p>\n<p data-start=\"841\" data-end=\"1492\">El\u00a0<strong data-start=\"844\" data-end=\"892\">MiraDeep Borsa \u2013 filtro de bolsas sint\u00e9ticas<\/strong>\u00a0utiliza un\u00a0<strong data-start=\"904\" data-end=\"974\">medio filtrante de fibras sint\u00e9ticas dispuestas en m\u00faltiples capas<\/strong>\u00a0con una estructura progresiva. Esta configuraci\u00f3n garantiza que las part\u00edculas m\u00e1s grandes sean retenidas en las capas externas, mientras las m\u00e1s finas quedan atrapadas en las internas, lo que\u00a0<strong data-start=\"1168\" data-end=\"1249\">aumenta la capacidad de retenci\u00f3n de polvo y prolonga la vida \u00fatil del filtro<\/strong>. A diferencia de los medios de fibra de vidrio tradicionales, las fibras sint\u00e9ticas son\u00a0<strong data-start=\"1338\" data-end=\"1409\">m\u00e1s resistentes al colapso, a la humedad y a los cambios de presi\u00f3n<\/strong>, asegurando un rendimiento constante incluso en condiciones ambientales severas.<\/p>\n","protected":false},"featured_media":1068,"template":"","meta":{"_acf_changed":false,"_joinchat":[]},"product_brand":[],"product_cat":[25],"product_tag":[],"class_list":{"0":"post-765","1":"product","2":"type-product","3":"status-publish","4":"has-post-thumbnail","6":"product_cat-paneles-filtrantes-hvac","8":"first","9":"instock","10":"shipping-taxable","11":"product-type-simple"},"acf":[],"yoast_head":"<!-- This site is optimized with the Yoast SEO plugin v25.6 - https:\/\/yoast.com\/wordpress\/plugins\/seo\/ -->\n<title>MiraDeep Borsa - filtro de bolsas sint\u00e9ticas | SP Separation Processes<\/title>\n<meta name=\"robots\" content=\"index, follow, max-snippet:-1, max-image-preview:large, max-video-preview:-1\" \/>\n<link rel=\"canonical\" href=\"https:\/\/sp.com.ar\/sanitaria\/producto\/miradeep-borsa-filtro-de-bolsas-sinteticas\/\" \/>\n<meta property=\"og:locale\" content=\"es_ES\" \/>\n<meta property=\"og:type\" content=\"article\" \/>\n<meta property=\"og:title\" content=\"MiraDeep Borsa - filtro de bolsas sint\u00e9ticas | SP Separation Processes\" \/>\n<meta property=\"og:description\" content=\"El\u00a0MiraDeep Borsa \u2013 filtro de bolsas sint\u00e9ticas\u00a0es un elemento de filtraci\u00f3n de aire de\u00a0rendimiento medio a alto, dise\u00f1ado para ofrecer una excelente combinaci\u00f3n entre\u00a0capacidad de carga de polvo, durabilidad y baja ca\u00edda de presi\u00f3n. Su estructura de bolsillos flexibles y su medio filtrante sint\u00e9tico de alta calidad lo convierten en una opci\u00f3n confiable para aplicaciones industriales y comerciales donde se requiere una etapa intermedia eficiente antes de los filtros HEPA o de alta eficiencia. El\u00a0MiraDeep Borsa \u2013 filtro de bolsas sint\u00e9ticas\u00a0utiliza un\u00a0medio filtrante de fibras sint\u00e9ticas dispuestas en m\u00faltiples capas\u00a0con una estructura progresiva. Esta configuraci\u00f3n garantiza que las part\u00edculas m\u00e1s grandes sean retenidas en las capas externas, mientras las m\u00e1s finas quedan atrapadas en las internas, lo que\u00a0aumenta la capacidad de retenci\u00f3n de polvo y prolonga la vida \u00fatil del filtro. A diferencia de los medios de fibra de vidrio tradicionales, las fibras sint\u00e9ticas son\u00a0m\u00e1s resistentes al colapso, a la humedad y a los cambios de presi\u00f3n, asegurando un rendimiento constante incluso en condiciones ambientales severas.\" \/>\n<meta property=\"og:url\" content=\"https:\/\/sp.com.ar\/sanitaria\/producto\/miradeep-borsa-filtro-de-bolsas-sinteticas\/\" \/>\n<meta property=\"og:site_name\" content=\"SP Separation Processes\" \/>\n<meta property=\"article:modified_time\" content=\"2025-11-21T14:58:26+00:00\" \/>\n<meta property=\"og:image\" content=\"https:\/\/sp.com.ar\/sanitaria\/wp-content\/uploads\/2025\/09\/MiraDeep-Borsa.-Filtro-de-bolsas-sinteticas-1.png\" \/>\n\t<meta property=\"og:image:width\" content=\"1200\" \/>\n\t<meta property=\"og:image:height\" content=\"1200\" \/>\n\t<meta property=\"og:image:type\" content=\"image\/png\" \/>\n<meta name=\"twitter:card\" content=\"summary_large_image\" \/>\n<meta name=\"twitter:label1\" content=\"Tiempo de lectura\" \/>\n\t<meta name=\"twitter:data1\" content=\"3 minutos\" \/>\n<script type=\"application\/ld+json\" class=\"yoast-schema-graph\">{\"@context\":\"https:\/\/schema.org\",\"@graph\":[{\"@type\":\"WebPage\",\"@id\":\"https:\/\/sp.com.ar\/sanitaria\/producto\/miradeep-borsa-filtro-de-bolsas-sinteticas\/\",\"url\":\"https:\/\/sp.com.ar\/sanitaria\/producto\/miradeep-borsa-filtro-de-bolsas-sinteticas\/\",\"name\":\"MiraDeep Borsa - filtro de bolsas sint\u00e9ticas | SP Separation Processes\",\"isPartOf\":{\"@id\":\"https:\/\/sp.com.ar\/sanitaria\/#website\"},\"primaryImageOfPage\":{\"@id\":\"https:\/\/sp.com.ar\/sanitaria\/producto\/miradeep-borsa-filtro-de-bolsas-sinteticas\/#primaryimage\"},\"image\":{\"@id\":\"https:\/\/sp.com.ar\/sanitaria\/producto\/miradeep-borsa-filtro-de-bolsas-sinteticas\/#primaryimage\"},\"thumbnailUrl\":\"https:\/\/sp.com.ar\/sanitaria\/wp-content\/uploads\/2025\/09\/MiraDeep-Borsa.-Filtro-de-bolsas-sinteticas-1.png\",\"datePublished\":\"2025-09-10T13:01:58+00:00\",\"dateModified\":\"2025-11-21T14:58:26+00:00\",\"breadcrumb\":{\"@id\":\"https:\/\/sp.com.ar\/sanitaria\/producto\/miradeep-borsa-filtro-de-bolsas-sinteticas\/#breadcrumb\"},\"inLanguage\":\"es\",\"potentialAction\":[{\"@type\":\"ReadAction\",\"target\":[\"https:\/\/sp.com.ar\/sanitaria\/producto\/miradeep-borsa-filtro-de-bolsas-sinteticas\/\"]}]},{\"@type\":\"ImageObject\",\"inLanguage\":\"es\",\"@id\":\"https:\/\/sp.com.ar\/sanitaria\/producto\/miradeep-borsa-filtro-de-bolsas-sinteticas\/#primaryimage\",\"url\":\"https:\/\/sp.com.ar\/sanitaria\/wp-content\/uploads\/2025\/09\/MiraDeep-Borsa.-Filtro-de-bolsas-sinteticas-1.png\",\"contentUrl\":\"https:\/\/sp.com.ar\/sanitaria\/wp-content\/uploads\/2025\/09\/MiraDeep-Borsa.-Filtro-de-bolsas-sinteticas-1.png\",\"width\":1200,\"height\":1200,\"caption\":\"MiraDeep Borsa. Filtro de bolsas sinteticas\"},{\"@type\":\"BreadcrumbList\",\"@id\":\"https:\/\/sp.com.ar\/sanitaria\/producto\/miradeep-borsa-filtro-de-bolsas-sinteticas\/#breadcrumb\",\"itemListElement\":[{\"@type\":\"ListItem\",\"position\":1,\"name\":\"Portada\",\"item\":\"https:\/\/sp.com.ar\/sanitaria\/\"},{\"@type\":\"ListItem\",\"position\":2,\"name\":\"Productos\",\"item\":\"https:\/\/sp.com.ar\/sanitaria\/productos\/\"},{\"@type\":\"ListItem\",\"position\":3,\"name\":\"MiraDeep Borsa &#8211; filtro de bolsas sint\u00e9ticas\"}]},{\"@type\":\"WebSite\",\"@id\":\"https:\/\/sp.com.ar\/sanitaria\/#website\",\"url\":\"https:\/\/sp.com.ar\/sanitaria\/\",\"name\":\"SP Separation Processes\",\"description\":\"\",\"potentialAction\":[{\"@type\":\"SearchAction\",\"target\":{\"@type\":\"EntryPoint\",\"urlTemplate\":\"https:\/\/sp.com.ar\/sanitaria\/?s={search_term_string}\"},\"query-input\":{\"@type\":\"PropertyValueSpecification\",\"valueRequired\":true,\"valueName\":\"search_term_string\"}}],\"inLanguage\":\"es\"}]}<\/script>\n<!-- \/ Yoast SEO plugin. -->","yoast_head_json":{"title":"MiraDeep Borsa - filtro de bolsas sint\u00e9ticas | SP Separation Processes","robots":{"index":"index","follow":"follow","max-snippet":"max-snippet:-1","max-image-preview":"max-image-preview:large","max-video-preview":"max-video-preview:-1"},"canonical":"https:\/\/sp.com.ar\/sanitaria\/producto\/miradeep-borsa-filtro-de-bolsas-sinteticas\/","og_locale":"es_ES","og_type":"article","og_title":"MiraDeep Borsa - filtro de bolsas sint\u00e9ticas | SP Separation Processes","og_description":"El\u00a0MiraDeep Borsa \u2013 filtro de bolsas sint\u00e9ticas\u00a0es un elemento de filtraci\u00f3n de aire de\u00a0rendimiento medio a alto, dise\u00f1ado para ofrecer una excelente combinaci\u00f3n entre\u00a0capacidad de carga de polvo, durabilidad y baja ca\u00edda de presi\u00f3n. Su estructura de bolsillos flexibles y su medio filtrante sint\u00e9tico de alta calidad lo convierten en una opci\u00f3n confiable para aplicaciones industriales y comerciales donde se requiere una etapa intermedia eficiente antes de los filtros HEPA o de alta eficiencia. El\u00a0MiraDeep Borsa \u2013 filtro de bolsas sint\u00e9ticas\u00a0utiliza un\u00a0medio filtrante de fibras sint\u00e9ticas dispuestas en m\u00faltiples capas\u00a0con una estructura progresiva. Esta configuraci\u00f3n garantiza que las part\u00edculas m\u00e1s grandes sean retenidas en las capas externas, mientras las m\u00e1s finas quedan atrapadas en las internas, lo que\u00a0aumenta la capacidad de retenci\u00f3n de polvo y prolonga la vida \u00fatil del filtro. A diferencia de los medios de fibra de vidrio tradicionales, las fibras sint\u00e9ticas son\u00a0m\u00e1s resistentes al colapso, a la humedad y a los cambios de presi\u00f3n, asegurando un rendimiento constante incluso en condiciones ambientales severas.","og_url":"https:\/\/sp.com.ar\/sanitaria\/producto\/miradeep-borsa-filtro-de-bolsas-sinteticas\/","og_site_name":"SP Separation Processes","article_modified_time":"2025-11-21T14:58:26+00:00","og_image":[{"width":1200,"height":1200,"url":"https:\/\/sp.com.ar\/sanitaria\/wp-content\/uploads\/2025\/09\/MiraDeep-Borsa.-Filtro-de-bolsas-sinteticas-1.png","type":"image\/png"}],"twitter_card":"summary_large_image","twitter_misc":{"Tiempo de lectura":"3 minutos"},"schema":{"@context":"https:\/\/schema.org","@graph":[{"@type":"WebPage","@id":"https:\/\/sp.com.ar\/sanitaria\/producto\/miradeep-borsa-filtro-de-bolsas-sinteticas\/","url":"https:\/\/sp.com.ar\/sanitaria\/producto\/miradeep-borsa-filtro-de-bolsas-sinteticas\/","name":"MiraDeep Borsa - filtro de bolsas sint\u00e9ticas | SP Separation Processes","isPartOf":{"@id":"https:\/\/sp.com.ar\/sanitaria\/#website"},"primaryImageOfPage":{"@id":"https:\/\/sp.com.ar\/sanitaria\/producto\/miradeep-borsa-filtro-de-bolsas-sinteticas\/#primaryimage"},"image":{"@id":"https:\/\/sp.com.ar\/sanitaria\/producto\/miradeep-borsa-filtro-de-bolsas-sinteticas\/#primaryimage"},"thumbnailUrl":"https:\/\/sp.com.ar\/sanitaria\/wp-content\/uploads\/2025\/09\/MiraDeep-Borsa.-Filtro-de-bolsas-sinteticas-1.png","datePublished":"2025-09-10T13:01:58+00:00","dateModified":"2025-11-21T14:58:26+00:00","breadcrumb":{"@id":"https:\/\/sp.com.ar\/sanitaria\/producto\/miradeep-borsa-filtro-de-bolsas-sinteticas\/#breadcrumb"},"inLanguage":"es","potentialAction":[{"@type":"ReadAction","target":["https:\/\/sp.com.ar\/sanitaria\/producto\/miradeep-borsa-filtro-de-bolsas-sinteticas\/"]}]},{"@type":"ImageObject","inLanguage":"es","@id":"https:\/\/sp.com.ar\/sanitaria\/producto\/miradeep-borsa-filtro-de-bolsas-sinteticas\/#primaryimage","url":"https:\/\/sp.com.ar\/sanitaria\/wp-content\/uploads\/2025\/09\/MiraDeep-Borsa.-Filtro-de-bolsas-sinteticas-1.png","contentUrl":"https:\/\/sp.com.ar\/sanitaria\/wp-content\/uploads\/2025\/09\/MiraDeep-Borsa.-Filtro-de-bolsas-sinteticas-1.png","width":1200,"height":1200,"caption":"MiraDeep Borsa. Filtro de bolsas sinteticas"},{"@type":"BreadcrumbList","@id":"https:\/\/sp.com.ar\/sanitaria\/producto\/miradeep-borsa-filtro-de-bolsas-sinteticas\/#breadcrumb","itemListElement":[{"@type":"ListItem","position":1,"name":"Portada","item":"https:\/\/sp.com.ar\/sanitaria\/"},{"@type":"ListItem","position":2,"name":"Productos","item":"https:\/\/sp.com.ar\/sanitaria\/productos\/"},{"@type":"ListItem","position":3,"name":"MiraDeep Borsa &#8211; filtro de bolsas sint\u00e9ticas"}]},{"@type":"WebSite","@id":"https:\/\/sp.com.ar\/sanitaria\/#website","url":"https:\/\/sp.com.ar\/sanitaria\/","name":"SP Separation Processes","description":"","potentialAction":[{"@type":"SearchAction","target":{"@type":"EntryPoint","urlTemplate":"https:\/\/sp.com.ar\/sanitaria\/?s={search_term_string}"},"query-input":{"@type":"PropertyValueSpecification","valueRequired":true,"valueName":"search_term_string"}}],"inLanguage":"es"}]}},"_links":{"self":[{"href":"https:\/\/sp.com.ar\/sanitaria\/wp-json\/wp\/v2\/product\/765","targetHints":{"allow":["GET"]}}],"collection":[{"href":"https:\/\/sp.com.ar\/sanitaria\/wp-json\/wp\/v2\/product"}],"about":[{"href":"https:\/\/sp.com.ar\/sanitaria\/wp-json\/wp\/v2\/types\/product"}],"wp:featuredmedia":[{"embeddable":true,"href":"https:\/\/sp.com.ar\/sanitaria\/wp-json\/wp\/v2\/media\/1068"}],"wp:attachment":[{"href":"https:\/\/sp.com.ar\/sanitaria\/wp-json\/wp\/v2\/media?parent=765"}],"wp:term":[{"taxonomy":"product_brand","embeddable":true,"href":"https:\/\/sp.com.ar\/sanitaria\/wp-json\/wp\/v2\/product_brand?post=765"},{"taxonomy":"product_cat","embeddable":true,"href":"https:\/\/sp.com.ar\/sanitaria\/wp-json\/wp\/v2\/product_cat?post=765"},{"taxonomy":"product_tag","embeddable":true,"href":"https:\/\/sp.com.ar\/sanitaria\/wp-json\/wp\/v2\/product_tag?post=765"}],"curies":[{"name":"wp","href":"https:\/\/api.w.org\/{rel}","templated":true}]}}